{"id":151,"date":"2023-06-16T16:10:18","date_gmt":"2023-06-16T14:10:18","guid":{"rendered":"https:\/\/panel-lozere.com\/?page_id=151"},"modified":"2023-06-23T15:58:41","modified_gmt":"2023-06-23T13:58:41","slug":"gestion-des-reseaux-sociaux","status":"publish","type":"page","link":"https:\/\/panel-lozere.com\/index.php\/thematiques\/gestion-des-reseaux-sociaux\/","title":{"rendered":"Gestion des r\u00e9seaux-sociaux"},"content":{"rendered":"\n<h3 class=\"wp-block-heading has-accent-1-color has-text-color\"><strong><em>Afin de se lancer ou se repositionner sur les r\u00e9seaux sociaux, il est n\u00e9cessaire, comme \u00e0 chaque \u00e9tape de r\u00e9flexion strat\u00e9gique, de d\u00e9finir des objectifs.                                                    Pourquoi souhaitez-vous \u00eatre sur les r\u00e9seaux sociaux ?<\/em><\/strong><\/h3>\n\n\n\n<p class=\"has-headings-color has-text-color\">Prospecter, fid\u00e9liser votre client\u00e8le, conforter votre e-reputation (en savoir plus sur la e-reputation), accro\u00eetre la notori\u00e9t\u00e9 de votre structure, tout cela \u00e0 la fois ?<\/p>\n\n\n\n<h4 class=\"wp-block-heading has-headings-color has-text-color\">Le choix des r\u00e9seaux sociaux pour votre structure : <em>cibler votre public et l\u2019outil adapt\u00e9<\/em><\/h4>\n\n\n\n<p class=\"has-headings-color has-text-color\">Le choix d\u2019un r\u00e9seau social pour votre activit\u00e9 n\u2019est pas anodin. Il est important de se questionner sur \u00ab \u00e0 qui s\u2019adressent vos prestations \u00bb ? Lorsque vous avez identifi\u00e9 votre cible, ses caract\u00e9ristiques, ses pratiques, ses informations d\u00e9mographiques, sa localisation\u2026 vous serez en mesure d\u2019analyser les diff\u00e9rents r\u00e9seaux et leur propri\u00e9t\u00e9.<\/p>\n\n\n\n<p><\/p>\n\n\n\n<h4 class=\"wp-block-heading has-headings-color has-text-color\"><strong>Instagram et Pinterest<\/strong><\/h4>\n\n\n\n<p class=\"has-headings-color has-text-color\">Instagram, Pinterest, sont adapt\u00e9s aux structures qui mettent en avant leur travail sur le marketing visuel. Ces deux r\u00e9seaux sont particuli\u00e8rement adapt\u00e9s au monde du tourisme, du voyage, de la gastronomie, sport\u2026.<br>Instagram, est aujourd\u2019hui un outil tr\u00e8s en vogue, permettant de publier du contenu photographique avec sa touche personnelle. C\u2019est r\u00e9seau qui vous permet de partager autant du contenu professionnel (photos, annonces, vid\u00e9os promotionnelles\u2026) que \u00ab d\u00e9contract\u00e9s \u00bb avec une mise en lumi\u00e8re des coulisses de la structures (vie quotidienne des employ\u00e9s, au sein des locaux, pr\u00e9paration de la saison etc.)<br><br>D\u2019un point de vue g\u00e9n\u00e9ral, Instagram permet \u00e0 ses utilisateurs de d\u00e9velopper la notori\u00e9t\u00e9 de leur structure.<br>Pinterest est g\u00e9n\u00e9ralement utilis\u00e9 par les internautes comme source d\u2019inspirations et d\u2019id\u00e9es. Ainsi, si vous choisissez d\u2019\u00eatre sur ce canal, il faudra adapter votre strat\u00e9gie marketing en ce sens.<\/p>\n\n\n\n<h4 class=\"wp-block-heading has-headings-color has-text-color\"><strong>Facebook<\/strong><\/h4>\n\n\n\n<p class=\"has-headings-color has-text-color\">Facebook, est le canal disposant du plus grand nombre d\u2019utilisateurs : 2.7 milliards dans le monde (source : compte-pro.com). Les concurrents de votre activit\u00e9 se trouvent donc tr\u00e8s certainement d\u2019ores et d\u00e9j\u00e0 sur ce r\u00e9seau. Ce r\u00e9seau est adapt\u00e9 \u00e0 tous secteurs.<\/p>\n\n\n\n<p class=\"has-headings-color has-text-color\">Facebook vous permettra de : faire la vitrine de votre activit\u00e9, interagir avec une communaut\u00e9, vendre vos produits et services, faire votre propre veille concurrentielle\u2026<\/p>\n\n\n\n<h4 class=\"wp-block-heading has-headings-color has-text-color\"><strong>Tiktok<\/strong><\/h4>\n\n\n\n<p class=\"has-headings-color has-text-color\">TikTok est un r\u00e9seau social connaissant un succ\u00e8s fulgurant ces deux derni\u00e8res ann\u00e9es. Ce r\u00e9seau permet de partager des vid\u00e9os personnalis\u00e9s et ludiques de quelques secondes, rythm\u00e9es sur des fonds musicaux.<\/p>\n\n\n\n<h4 class=\"wp-block-heading has-headings-color has-text-color\"><strong>LinkedIn<\/strong><\/h4>\n\n\n\n<p class=\"has-headings-color has-text-color\">LinkedIn, est un r\u00e9seau principalement utilis\u00e9 dans des \u00e9changes B2B. LinkedIn vous octroie la possibilit\u00e9 de : pr\u00e9senter vos r\u00e9flexions&nbsp;professionnels et travaux de recherches, prospecter de nouveaux partenaires et collaborateurs et d\u00e9velopper votre r\u00e9seau professionnel.<\/p>\n\n\n\n<h4 class=\"wp-block-heading\"><strong>Twitter<\/strong><\/h4>\n\n\n\n<p class=\"has-headings-color has-text-color\">Twitter, rel\u00e8ve \u00eatre un r\u00e9seau qui repose sur l\u2019instantan\u00e9it\u00e9. C\u2019est un r\u00e9seau qui permet \u00e0 ses utilisateurs de disposer de l\u2019actualit\u00e9 dans l\u2019imm\u00e9diat et de suivre les derni\u00e8res nouvelles ou diffuser des informations \u2018urgentes\u2019.<br><br>Nous retrouvons tr\u00e8s souvent des entreprises d\u2019informations (Radios, presses\u2026) sur ce canal mais \u00e9galement des entreprises d\u2019\u00e9v\u00e8nementiel et culture. (Foires, nouvel album musical, programme de manifestation\u2026).<br><br>Info : Les tweets doivent \u00eatre des messages concis et captivant (nombre de caract\u00e8res limit\u00e9 \u00e0 280.)<\/p>\n\n\n\n<h4 class=\"wp-block-heading has-headings-color has-text-color\"><strong>Youtube<\/strong><\/h4>\n\n\n\n<p class=\"has-headings-color has-text-color\">Youtube, plateforme de streaming, r\u00e9pond \u00e0 la place grandissante que prennent les vid\u00e9os aujourd\u2019hui dans les actions de promotion et marketing des entreprises. Publier des vid\u00e9os sur Youtube peut \u00eatre utile afin de pr\u00e9senter vos prestations et produits, votre activit\u00e9, faire du storytelling, promouvoir le territoire sur lequel se trouve votre structure\u2026 (Attention, entre le montage des vid\u00e9os, l\u2019acquisition d\u2019abonn\u00e9s\u2026, se lancer sur Youtube requiert du temps et des comp\u00e9tences techniques).<\/p>\n","protected":false},"excerpt":{"rendered":"<p>Afin de se lancer ou se repositionner sur les r\u00e9seaux sociaux, il est n\u00e9cessaire, comme \u00e0 chaque \u00e9tape de r\u00e9flexion strat\u00e9gique, de d\u00e9finir des objectifs. &hellip;<\/p>\n","protected":false},"author":1,"featured_media":0,"parent":125,"menu_order":4,"comment_status":"closed","ping_status":"closed","template":"","meta":{"footnotes":""},"class_list":["post-151","page","type-page","status-publish","hentry"],"_links":{"self":[{"href":"https:\/\/panel-lozere.com\/index.php\/wp-json\/wp\/v2\/pages\/151","targetHints":{"allow":["GET"]}}],"collection":[{"href":"https:\/\/panel-lozere.com\/index.php\/wp-json\/wp\/v2\/pages"}],"about":[{"href":"https:\/\/panel-lozere.com\/index.php\/wp-json\/wp\/v2\/types\/page"}],"author":[{"embeddable":true,"href":"https:\/\/panel-lozere.com\/index.php\/wp-json\/wp\/v2\/users\/1"}],"replies":[{"embeddable":true,"href":"https:\/\/panel-lozere.com\/index.php\/wp-json\/wp\/v2\/comments?post=151"}],"version-history":[{"count":2,"href":"https:\/\/panel-lozere.com\/index.php\/wp-json\/wp\/v2\/pages\/151\/revisions"}],"predecessor-version":[{"id":178,"href":"https:\/\/panel-lozere.com\/index.php\/wp-json\/wp\/v2\/pages\/151\/revisions\/178"}],"up":[{"embeddable":true,"href":"https:\/\/panel-lozere.com\/index.php\/wp-json\/wp\/v2\/pages\/125"}],"wp:attachment":[{"href":"https:\/\/panel-lozere.com\/index.php\/wp-json\/wp\/v2\/media?parent=151"}],"curies":[{"name":"wp","href":"https:\/\/api.w.org\/{rel}","templated":true}]}}