{"id":250,"date":"2024-11-25T12:05:50","date_gmt":"2024-11-25T11:05:50","guid":{"rendered":"https:\/\/panel-lozere.com\/?page_id=250"},"modified":"2024-11-25T12:14:10","modified_gmt":"2024-11-25T11:14:10","slug":"boite-a-outils","status":"publish","type":"page","link":"https:\/\/panel-lozere.com\/index.php\/thematiques\/boite-a-outils\/","title":{"rendered":"Bo\u00eete \u00e0 outils"},"content":{"rendered":"\t\t<div data-elementor-type=\"wp-page\" data-elementor-id=\"250\" class=\"elementor elementor-250\">\n\t\t\t\t\t\t\t\t\t<section class=\"elementor-section elementor-top-section elementor-element elementor-element-552c909 elementor-section-boxed elementor-section-height-default elementor-section-height-default\" data-id=\"552c909\" data-element_type=\"section\">\n\t\t\t\t\t\t<div class=\"elementor-container elementor-column-gap-default\">\n\t\t\t\t\t<div class=\"elementor-column elementor-col-100 elementor-top-column elementor-element elementor-element-096a5cd\" data-id=\"096a5cd\" data-element_type=\"column\">\n\t\t\t<div class=\"elementor-widget-wrap elementor-element-populated\">\n\t\t\t\t\t\t\t\t<div class=\"elementor-element elementor-element-8550d40 elementor-widget elementor-widget-heading\" data-id=\"8550d40\" data-element_type=\"widget\" data-widget_type=\"heading.default\">\n\t\t\t\t<div class=\"elementor-widget-container\">\n\t\t\t<style>\/*! elementor - v3.15.0 - 20-08-2023 *\/\n.elementor-heading-title{padding:0;margin:0;line-height:1}.elementor-widget-heading .elementor-heading-title[class*=elementor-size-]>a{color:inherit;font-size:inherit;line-height:inherit}.elementor-widget-heading .elementor-heading-title.elementor-size-small{font-size:15px}.elementor-widget-heading .elementor-heading-title.elementor-size-medium{font-size:19px}.elementor-widget-heading .elementor-heading-title.elementor-size-large{font-size:29px}.elementor-widget-heading .elementor-heading-title.elementor-size-xl{font-size:39px}.elementor-widget-heading .elementor-heading-title.elementor-size-xxl{font-size:59px}<\/style><h2 class=\"elementor-heading-title elementor-size-default\">Bo\u00eete \u00e0 outils<\/h2>\t\t<\/div>\n\t\t\t\t<\/div>\n\t\t\t\t<div class=\"elementor-element elementor-element-cfee4bc elementor-widget elementor-widget-heading\" data-id=\"cfee4bc\" data-element_type=\"widget\" data-widget_type=\"heading.default\">\n\t\t\t\t<div class=\"elementor-widget-container\">\n\t\t\t<h2 class=\"elementor-heading-title elementor-size-default\">Tarification Open Pro<\/h2>\t\t<\/div>\n\t\t\t\t<\/div>\n\t\t\t\t\t<\/div>\n\t\t<\/div>\n\t\t\t\t\t\t\t<\/div>\n\t\t<\/section>\n\t\t\t\t<section class=\"elementor-section elementor-top-section elementor-element elementor-element-42ae556 elementor-section-boxed elementor-section-height-default elementor-section-height-default\" data-id=\"42ae556\" data-element_type=\"section\">\n\t\t\t\t\t\t<div class=\"elementor-container elementor-column-gap-default\">\n\t\t\t\t\t<div class=\"elementor-column elementor-col-100 elementor-top-column elementor-element elementor-element-9c1dad5\" data-id=\"9c1dad5\" data-element_type=\"column\">\n\t\t\t<div class=\"elementor-widget-wrap elementor-element-populated\">\n\t\t\t\t\t\t\t\t<div class=\"elementor-element elementor-element-351fc82 elementor-widget elementor-widget-text-editor\" data-id=\"351fc82\" data-element_type=\"widget\" data-widget_type=\"text-editor.default\">\n\t\t\t\t<div class=\"elementor-widget-container\">\n\t\t\t<style>\/*! elementor - v3.15.0 - 20-08-2023 *\/\n.elementor-widget-text-editor.elementor-drop-cap-view-stacked .elementor-drop-cap{background-color:#69727d;color:#fff}.elementor-widget-text-editor.elementor-drop-cap-view-framed .elementor-drop-cap{color:#69727d;border:3px solid;background-color:transparent}.elementor-widget-text-editor:not(.elementor-drop-cap-view-default) .elementor-drop-cap{margin-top:8px}.elementor-widget-text-editor:not(.elementor-drop-cap-view-default) .elementor-drop-cap-letter{width:1em;height:1em}.elementor-widget-text-editor .elementor-drop-cap{float:left;text-align:center;line-height:1;font-size:50px}.elementor-widget-text-editor .elementor-drop-cap-letter{display:inline-block}<\/style>\t\t\t\t<p>Le saviez-vous ? Loz\u00e8re Tourisme dispose de sa propre place de march\u00e9 : <strong>Direct Loz\u00e8re<\/strong>. Avec Direct Loz\u00e8re, nous vous offrons la possibilit\u00e9 d&rsquo;\u00eatre r\u00e9servable en ligne sur le site de Loz\u00e8re Tourisme et partenaires. \u00catre r\u00e9servable en ligne avec Loz\u00e8re Tourisme vous offre une visibilit\u00e9 plus forte aupr\u00e8s de vos client\u00e8les, tout en gardant la main sur vos plannings et r\u00e9servations !<\/p><p>Cette ann\u00e9e, un nouveau module de tarification a fait son apparition : les tarifs avanc\u00e9s.<\/p><p><strong>D\u00e9couvrez les proc\u00e9dures r\u00e9dig\u00e9es vous guidant pas \u00e0 pas dans le param\u00e9trage de vos tarifs 2025, pour chaque type d&rsquo;h\u00e9bergement !<\/strong><\/p>\t\t\t\t\t\t<\/div>\n\t\t\t\t<\/div>\n\t\t\t\t\t<\/div>\n\t\t<\/div>\n\t\t\t\t\t\t\t<\/div>\n\t\t<\/section>\n\t\t\t\t<section class=\"elementor-section elementor-top-section elementor-element elementor-element-587e3d5 elementor-section-boxed elementor-section-height-default elementor-section-height-default\" data-id=\"587e3d5\" data-element_type=\"section\">\n\t\t\t\t\t\t<div class=\"elementor-container elementor-column-gap-default\">\n\t\t\t\t\t<div class=\"elementor-column elementor-col-33 elementor-top-column elementor-element elementor-element-d9f753a\" data-id=\"d9f753a\" data-element_type=\"column\">\n\t\t\t<div class=\"elementor-widget-wrap elementor-element-populated\">\n\t\t\t\t\t\t\t\t<div class=\"elementor-element elementor-element-ce954e7 elementor-widget elementor-widget-image\" data-id=\"ce954e7\" data-element_type=\"widget\" data-widget_type=\"image.default\">\n\t\t\t\t<div class=\"elementor-widget-container\">\n\t\t\t<style>\/*! elementor - v3.15.0 - 20-08-2023 *\/\n.elementor-widget-image{text-align:center}.elementor-widget-image a{display:inline-block}.elementor-widget-image a img[src$=\".svg\"]{width:48px}.elementor-widget-image img{vertical-align:middle;display:inline-block}<\/style>\t\t\t\t\t\t\t\t\t\t\t\t\t<a href=\"https:\/\/www.lozere-tourisme.com\/espace-pro\/procedure-meubles-nouveau-module-de-tarification-open-pro\" target=\"_blank\">\n\t\t\t\t\t\t\t<img loading=\"lazy\" decoding=\"async\" width=\"1024\" height=\"576\" src=\"https:\/\/panel-lozere.com\/wp-content\/uploads\/2024\/11\/espace_pro_nouvelle_tarification_openpro_sommaire_meubles_01-1024x576.png\" class=\"attachment-large size-large wp-image-252\" alt=\"\" srcset=\"https:\/\/panel-lozere.com\/wp-content\/uploads\/2024\/11\/espace_pro_nouvelle_tarification_openpro_sommaire_meubles_01-1024x576.png 1024w, https:\/\/panel-lozere.com\/wp-content\/uploads\/2024\/11\/espace_pro_nouvelle_tarification_openpro_sommaire_meubles_01-300x169.png 300w, https:\/\/panel-lozere.com\/wp-content\/uploads\/2024\/11\/espace_pro_nouvelle_tarification_openpro_sommaire_meubles_01-768x432.png 768w, https:\/\/panel-lozere.com\/wp-content\/uploads\/2024\/11\/espace_pro_nouvelle_tarification_openpro_sommaire_meubles_01-1536x864.png 1536w, https:\/\/panel-lozere.com\/wp-content\/uploads\/2024\/11\/espace_pro_nouvelle_tarification_openpro_sommaire_meubles_01-496x279.png 496w, https:\/\/panel-lozere.com\/wp-content\/uploads\/2024\/11\/espace_pro_nouvelle_tarification_openpro_sommaire_meubles_01.png 1920w\" sizes=\"auto, (max-width: 1024px) 100vw, 1024px\" \/>\t\t\t\t\t\t\t\t<\/a>\n\t\t\t\t\t\t\t\t\t\t\t\t\t\t\t<\/div>\n\t\t\t\t<\/div>\n\t\t\t\t\t<\/div>\n\t\t<\/div>\n\t\t\t\t<div class=\"elementor-column elementor-col-33 elementor-top-column elementor-element elementor-element-7e78ac5\" data-id=\"7e78ac5\" data-element_type=\"column\">\n\t\t\t<div class=\"elementor-widget-wrap elementor-element-populated\">\n\t\t\t\t\t\t\t\t<div class=\"elementor-element elementor-element-b6d02f1 elementor-widget elementor-widget-image\" data-id=\"b6d02f1\" data-element_type=\"widget\" data-widget_type=\"image.default\">\n\t\t\t\t<div class=\"elementor-widget-container\">\n\t\t\t\t\t\t\t\t\t\t\t\t\t\t\t\t<a href=\"https:\/\/www.lozere-tourisme.com\/espace-pro\/procedure-chambres-d-hotes-nouveau-module-de-tarification-open-pro\" target=\"_blank\">\n\t\t\t\t\t\t\t<img loading=\"lazy\" decoding=\"async\" width=\"1024\" height=\"576\" src=\"https:\/\/panel-lozere.com\/wp-content\/uploads\/2024\/11\/espace_pro_nouvelle_tarification_openpro_sommaire_chambres_01-1024x576.png\" class=\"attachment-large size-large wp-image-253\" alt=\"\" srcset=\"https:\/\/panel-lozere.com\/wp-content\/uploads\/2024\/11\/espace_pro_nouvelle_tarification_openpro_sommaire_chambres_01-1024x576.png 1024w, https:\/\/panel-lozere.com\/wp-content\/uploads\/2024\/11\/espace_pro_nouvelle_tarification_openpro_sommaire_chambres_01-300x169.png 300w, https:\/\/panel-lozere.com\/wp-content\/uploads\/2024\/11\/espace_pro_nouvelle_tarification_openpro_sommaire_chambres_01-768x432.png 768w, https:\/\/panel-lozere.com\/wp-content\/uploads\/2024\/11\/espace_pro_nouvelle_tarification_openpro_sommaire_chambres_01-1536x864.png 1536w, https:\/\/panel-lozere.com\/wp-content\/uploads\/2024\/11\/espace_pro_nouvelle_tarification_openpro_sommaire_chambres_01-496x279.png 496w, https:\/\/panel-lozere.com\/wp-content\/uploads\/2024\/11\/espace_pro_nouvelle_tarification_openpro_sommaire_chambres_01.png 1920w\" sizes=\"auto, (max-width: 1024px) 100vw, 1024px\" \/>\t\t\t\t\t\t\t\t<\/a>\n\t\t\t\t\t\t\t\t\t\t\t\t\t\t\t<\/div>\n\t\t\t\t<\/div>\n\t\t\t\t\t<\/div>\n\t\t<\/div>\n\t\t\t\t<div class=\"elementor-column elementor-col-33 elementor-top-column elementor-element elementor-element-edcc721\" data-id=\"edcc721\" data-element_type=\"column\">\n\t\t\t<div class=\"elementor-widget-wrap elementor-element-populated\">\n\t\t\t\t\t\t\t\t<div class=\"elementor-element elementor-element-36d3197 elementor-widget elementor-widget-image\" data-id=\"36d3197\" data-element_type=\"widget\" data-widget_type=\"image.default\">\n\t\t\t\t<div class=\"elementor-widget-container\">\n\t\t\t\t\t\t\t\t\t\t\t\t\t\t\t\t<a href=\"https:\/\/www.lozere-tourisme.com\/espace-pro\/procedure-campings-nouveau-module-de-tarification-open-pro\" target=\"_blank\">\n\t\t\t\t\t\t\t<img loading=\"lazy\" decoding=\"async\" width=\"1024\" height=\"576\" src=\"https:\/\/panel-lozere.com\/wp-content\/uploads\/2024\/11\/espace_pro_nouvelle_tarification_openpro_sommaire_campings_01-1024x576.png\" class=\"attachment-large size-large wp-image-254\" alt=\"\" srcset=\"https:\/\/panel-lozere.com\/wp-content\/uploads\/2024\/11\/espace_pro_nouvelle_tarification_openpro_sommaire_campings_01-1024x576.png 1024w, https:\/\/panel-lozere.com\/wp-content\/uploads\/2024\/11\/espace_pro_nouvelle_tarification_openpro_sommaire_campings_01-300x169.png 300w, https:\/\/panel-lozere.com\/wp-content\/uploads\/2024\/11\/espace_pro_nouvelle_tarification_openpro_sommaire_campings_01-768x432.png 768w, https:\/\/panel-lozere.com\/wp-content\/uploads\/2024\/11\/espace_pro_nouvelle_tarification_openpro_sommaire_campings_01-1536x864.png 1536w, https:\/\/panel-lozere.com\/wp-content\/uploads\/2024\/11\/espace_pro_nouvelle_tarification_openpro_sommaire_campings_01-496x279.png 496w, https:\/\/panel-lozere.com\/wp-content\/uploads\/2024\/11\/espace_pro_nouvelle_tarification_openpro_sommaire_campings_01.png 1920w\" sizes=\"auto, (max-width: 1024px) 100vw, 1024px\" \/>\t\t\t\t\t\t\t\t<\/a>\n\t\t\t\t\t\t\t\t\t\t\t\t\t\t\t<\/div>\n\t\t\t\t<\/div>\n\t\t\t\t\t<\/div>\n\t\t<\/div>\n\t\t\t\t\t\t\t<\/div>\n\t\t<\/section>\n\t\t\t\t<section class=\"elementor-section elementor-top-section elementor-element elementor-element-d3dea24 elementor-section-boxed elementor-section-height-default elementor-section-height-default\" data-id=\"d3dea24\" data-element_type=\"section\">\n\t\t\t\t\t\t<div class=\"elementor-container elementor-column-gap-default\">\n\t\t\t\t\t<div class=\"elementor-column elementor-col-100 elementor-top-column elementor-element elementor-element-2352600\" data-id=\"2352600\" data-element_type=\"column\">\n\t\t\t<div class=\"elementor-widget-wrap elementor-element-populated\">\n\t\t\t\t\t\t\t\t<div class=\"elementor-element elementor-element-b5c532e elementor-widget elementor-widget-text-editor\" data-id=\"b5c532e\" data-element_type=\"widget\" data-widget_type=\"text-editor.default\">\n\t\t\t\t<div class=\"elementor-widget-container\">\n\t\t\t\t\t\t\t<div><strong>Besoin d&rsquo;aide ?<\/strong><\/div><div>Contactez nous par t\u00e9l\u00e9phone au : 04 66 65 60 28 \/ 04 66 65 60 15 ou bien par mail \u00e0 l&rsquo;adresse \u00e9lectronique suivante :<\/div><div>k.julier@lozere-tourisme.com <\/div><p>\u00a0<\/p>\t\t\t\t\t\t<\/div>\n\t\t\t\t<\/div>\n\t\t\t\t\t<\/div>\n\t\t<\/div>\n\t\t\t\t\t\t\t<\/div>\n\t\t<\/section>\n\t\t\t\t\t\t\t<\/div>\n\t\t","protected":false},"excerpt":{"rendered":"<p>Bo\u00eete \u00e0 outils Tarification Open Pro Le saviez-vous ? Loz\u00e8re Tourisme dispose de sa propre place de march\u00e9 : Direct Loz\u00e8re. Avec Direct Loz\u00e8re, nous &hellip;<\/p>\n","protected":false},"author":1,"featured_media":0,"parent":125,"menu_order":0,"comment_status":"closed","ping_status":"closed","template":"","meta":{"footnotes":""},"class_list":["post-250","page","type-page","status-publish","hentry"],"_links":{"self":[{"href":"https:\/\/panel-lozere.com\/index.php\/wp-json\/wp\/v2\/pages\/250","targetHints":{"allow":["GET"]}}],"collection":[{"href":"https:\/\/panel-lozere.com\/index.php\/wp-json\/wp\/v2\/pages"}],"about":[{"href":"https:\/\/panel-lozere.com\/index.php\/wp-json\/wp\/v2\/types\/page"}],"author":[{"embeddable":true,"href":"https:\/\/panel-lozere.com\/index.php\/wp-json\/wp\/v2\/users\/1"}],"replies":[{"embeddable":true,"href":"https:\/\/panel-lozere.com\/index.php\/wp-json\/wp\/v2\/comments?post=250"}],"version-history":[{"count":8,"href":"https:\/\/panel-lozere.com\/index.php\/wp-json\/wp\/v2\/pages\/250\/revisions"}],"predecessor-version":[{"id":261,"href":"https:\/\/panel-lozere.com\/index.php\/wp-json\/wp\/v2\/pages\/250\/revisions\/261"}],"up":[{"embeddable":true,"href":"https:\/\/panel-lozere.com\/index.php\/wp-json\/wp\/v2\/pages\/125"}],"wp:attachment":[{"href":"https:\/\/panel-lozere.com\/index.php\/wp-json\/wp\/v2\/media?parent=250"}],"curies":[{"name":"wp","href":"https:\/\/api.w.org\/{rel}","templated":true}]}}